-13*z + 239444 + 18862 - 997 = 0. What are the prime factors of z?
19793
Let h be (33/(-12) - -2)/(26/104). What are the prime factors of h + -1 - (-4085)/(1 - -4)?
3, 271
Suppose 29*b - 24*b = -265. Let u = -54 - b. List the prime factors of 5/3 + u - (-2135)/105.
3, 7
Let a(n) = -2943*n + 2. Let s be a(-1). Let v = s + -1790. What are the prime factors of v?
3, 5, 7, 11
Let m be (-106*4/(-16))/((-2)/4). Let g = m + 123. List the prime factors of g.
2, 5, 7
Let l = 5044 - 2895. What are the prime factors of l?
7, 307
Let t = -416 - -451. List the prime factors of -5*21/t + 1097.
2, 547
Suppose 14*h = -31*h + 180. Suppose h*a - 2*g = -7*g + 2874, -713 = -a - 4*g. What are the prime factors of a?
7, 103
Let x = 120 + -138. What are the prime factors of 198 + ((-6)/x)/((-1)/(-12))?
2, 101
Suppose 0 = -4*k - 5*t + 51, -1 = -k + 4*t + 17. Suppose -k*b = -18*b + 756. What are the prime factors of b?
3, 7
Suppose 0 + 6 = 3*j. Suppose 228 = j*v - 3*o, -v + 124 = -5*o + o. List the prime factors of v.
2, 3
Let c = -1194 + 1197. Suppose 0 = -5*p + 4*l + 47, 2*l + 11 + 2 = p. Suppose -d + 1 - p = -2*n, 0 = -c*n + 12. What are the prime factors of d?
2
Let k be 156/(-39) - (-6)/1. Suppose -k*b - 3*a + 647 = 0, -4*b + 5*a + 398 = -951. List the prime factors of b.
331
Suppose -5*f = 3*b - 14, -4*f = 4*b - 19 - 5. Suppose -b*t + 19 = -29. Suppose 0*o = -t*o + 438. List the prime factors of o.
73
Let w(m) = 161*m**2 + 9*m - 7. Let t be w(6). Suppose -21*r + t - 698 = 0. What are the prime factors of r?
5, 7
Let g(m) = 3*m**2 + 24*m - 9. Let q(h) = 4*h + 4. Let t = 4 + -8. Let u be q(t). List the prime factors of g(u).
3, 5
Suppose w - 2*m - 11 = -2*w, 4*w = -2*m + 24. Suppose -w*a = 4*l - 0*l - 37, -30 = -3*a - 5*l. List the prime factors of a.
5
Let q(u) = -2827*u + 3807. List the prime factors of q(-21).
2, 3, 10529
Let j(p) = -2*p**3 - 11*p**2 + 9*p - 26. Let a be (4/(-5))/(((-140)/250)/(-7)). List the prime factors of j(a).
2, 7
Suppose 2*r + 79 = -3. Let c = r - -37. What are the prime factors of -4 - (62 - c)*-1?
2, 31
Let y(u) = 4*u**2 + 0 - u**2 + 2 + 2 - 11*u. Let t(q) = q**3 + 13*q**2 + 7. Let n be t(-13). What are the prime factors of y(n)?
2, 37
Let a(y) = -2*y**2 - 12*y - 3. Let n be a(-5). Suppose -n*r = -1 - 27. Suppose r*x - 7 = 1, -3*x + 226 = 4*k. What are the prime factors of k?
5, 11
Let w(d) = -37*d + 140. Let k be w(-40). Suppose -9*m = -14*m + k. What are the prime factors of m?
2, 3
Suppose 2*j - 5*j = 4*f - 22, -5*j + 26 = 4*f. Suppose n = 4*k - 13 - 16, f*k - 5*n - 17 = 0. Suppose 560 = -b + k*b. List the prime factors of b.
2, 5
Suppose -3*c + 74 = 71, -4*d = -4*c - 9328. List the prime factors of d.
2333
Suppose -81*y + 36*y + 1265400 = 0. What are the prime factors of y?
2, 5, 19, 37
Suppose 0 = -f - 0 + 5. Let a(k) = 89*k + 824. Let j be a(-9). Suppose j = -f*h + 88. What are the prime factors of h?
13
What are the prime factors of 15596 + (3 - 0 - 0)*(-20)/(-12)?
15601
Suppose 87015 + 225249 = 24*v. What are the prime factors of v?
3, 4337
Suppose 1715155 = 167*h + 1130901 - 1488550. List the prime factors of h.
2, 29, 107
Suppose 9*x = 30*x + 185*x - 4531794. List the prime factors of x.
3, 7333
Suppose -2*z = 3*z + 50. Let u(f) = -2*f - 2. Let d(y) = 27*y + 45. Let c(q) = -d(q) - 5*u(q). List the prime factors of c(z).
3, 5
Let q(p) = 14*p + 9. Let u be q(4). Suppose -u = -2*y + 61. What are the prime factors of y?
3, 7
Suppose 47*o = 49 + 45. Suppose 0 = 2*v - 4*l - 1644, -4*v + l = o*l - 3243. What are the prime factors of v?
2, 7, 29
Let a = 33725 - 16725. What are the prime factors of a?
2, 5, 17
Let d(k) = 89*k + 1. Let v be d(1). Suppose 3*q = -18 + v. Let w = 104 - q. What are the prime factors of w?
2, 5
Let n(h) = -5*h - h + 19*h + 9. List the prime factors of n(6).
3, 29
Let w be ((-2)/(-4))/((-3)/12) + -4. List the prime factors of (2/w)/(4/(-36)) + 353.
2, 89
Suppose 2*i - 6434 = -m, -9900 = -4*i - 4*m + 2980. What are the prime factors of i?
2, 1607
Let n = 251 - 246. Suppose n*s - 1337 = 3*k, 0 = -0*s + 2*s + 2*k - 538. List the prime factors of s.
2, 67
Let u = -4121 - -11887. List the prime factors of u.
2, 11, 353
Let l(n) = 15*n - 5. Let p be l(2). Suppose v - p = -1. What are the prime factors of (-6)/v + (-999)/(-12)?
83
Let v be ((-477)/(-12))/(2*6/80). Let i = v + 470. List the prime factors of i.
3, 5, 7
Let c(y) be the first derivative of y**3/3 - 5*y**2 + 256*y - 133. What are the prime factors of c(0)?
2
Let x(c) = -c**3 + 2*c**2 - c + 282. Let z be (1 + -3)/(-1) + (-17 - -15). What are the prime factors of x(z)?
2, 3, 47
Suppose 0 = -22*j - 3 + 3. Suppose 3*v + 2033 = 4*y - j*y, y - v = 509. What are the prime factors of y?
2, 11, 23
Suppose 892 = 4*r + 244. Let p = r - -363. List the prime factors of p.
3, 5, 7
Let y = 36 - 52. Let q = y - -78. Let w = 88 - q. List the prime factors of w.
2, 13
Let y(i) be the first derivative of -2*i**3/3 - 41*i**2 + 25*i + 73. List the prime factors of y(-35).
5, 89
Suppose -141*d = -146*d + 10. Suppose -d*x - 23 = 25. List the prime factors of ((-116)/6)/(2/x).
2, 29
Let k(y) = -2*y**2 - 2. Let n be k(-3). Let p be ((-75)/n)/(3/(-16)). List the prime factors of ((-3)/((-9)/(-51)))/(4/p).
5, 17
Let d(q) = -4*q**2 - 13*q**3 - 3*q - 3 - q + 0*q. Let m = 1193 - 1195. What are the prime factors of d(m)?
3, 31
Suppose 135*j + 43*j - 3920392 = 32*j. What are the prime factors of j?
2, 7, 137
Let w(u) = 24*u**2 - 246*u - 1711. List the prime factors of w(-57).
17, 47, 113
Let s(w) = -9*w**3 + 6*w**2 + 10*w + 4. Let n(o) = -o**3 - 5*o**2 + 25*o + 4. Let y be n(-8). List the prime factors of s(y).
2, 3, 53
Suppose -5*k + 21 + 3 = n, 0 = -4*n - 4*k + 128. Suppose h - p - n = 0, -3*h + 4*p + 94 = 3*p. Let u = -20 + h. What are the prime factors of u?
2, 5
Let a(k) = -5*k - 15. Let w(n) = 7*n + 16. Let m(r) = -4*a(r) - 3*w(r). Let t be m(12). Let i(q) = q**3 - 2*q**2 - 3*q + 42. List the prime factors of i(t).
2, 3, 7
Let h(j) = -3*j - 3. Let z be h(7). Let c = -21 - z. Suppose c*t - 2*v + 2 - 82 = 0, 4*t = 2*v + 106. What are the prime factors of t?
2, 13
Suppose -4*v + a + 29774 = 0, -9*v + 29776 = -5*v - 2*a. What are the prime factors of v?
3, 827
Suppose 4*z = 3*r - z - 4237, -2*r + 2833 = -5*z. Let f = 2287 - r. What are the prime factors of f?
883
Let x be (-7)/(-6)*(-104 + 98). Let r be (-41374)/(-4) - (-1)/2. What are the prime factors of -6 - r/(-56) - 2/x?
179
Let n be (4 - 34/9) + (-14)/(-18). Suppose -4*c + 9 = n. Suppose -c*g + 215 = 5*z, -2*z + 4*g - 86 = -4*z. List the prime factors of z.
43
Let q(j) be the first derivative of -9*j**2 - 37*j + 32. What are the prime factors of q(-19)?
5, 61
Suppose 0*q = 2*f + 3*q + 23, -5*f - 83 = -q. Let m be 4*-2*(-6)/f + 5. Suppose -v + 4*v + k = 274, -m*v + 178 = 3*k. List the prime factors of v.
2, 23
Let j(a) = 11*a**3 + 5*a**2 - 4*a - 14. Let w be j(7). Suppose -w + 1330 = -3*c. List the prime factors of c.
2, 3, 7
Suppose g - 33*g = -2880. Let j = g + 121. What are the prime factors of j?
211
Suppose 12*i - 3411 - 74494 = 4775. List the prime factors of i.
2, 5, 13, 53
Let o(c) be the second derivative of -13/6*c**3 + 8*c + 0 + 15/2*c**2 - 1/12*c**4. What are the prime factors of o(-7)?
3, 19
Let t = 211 - 214. What are the prime factors of (8/(-6))/((-4)/(-72)*t)?
2
Suppose 5*b = 15, -2471*b - 39062 = -2*s - 2473*b. List the prime factors of s.
2, 2441
List the prime factors of (5010700/200)/((-3)/2 + -1 + 3).
89, 563
Let b(c) = -c**3 + 9*c**2 + 7*c - 5. Let v(a) = a**2 - 8*a + 16. Let k be v(6). Suppose 3*m = -2*h - 3*h + 36, 5*h + k*m = 33. List the prime factors of b(h).
2, 29
Suppose -11 - 46 = -3*z. Let c(l) = l**3 - 16*l**2 - 42*l - 8. What are the prime factors of c(z)?
277
Let a be 45/(-18)*26/(-5). Suppose a*s + 16*s - 11658 = 0. What are the prime factors of s?
2, 3, 67
Let u(a) = 9*a**2 + 182*a + 240. What are the prime factors of u(-48)?
2, 3, 5, 17
Let w(y) = -19*y + 317. Let m be w(17). What are the prime factors of -12 + 537 + (1 - m)?
2, 7, 19
Let s = -574 - -1491. Let d = -362 + s. Suppose -n + 3*i = -91, -2*n - d = -7*n - 5*i. What are the prime factors of n?
2, 53
Suppose 14*v = -2880 + 262. List the prime factors of (2/((-6)/129))/(11/v).
17, 43
Let k = 8 + -5. Suppose 0 = 5*o - 10*o + 5*p 